False
Suppose -5*y + 24 + 36 = 0. Suppose 0 = y*d - 2 - 22. Suppose 74 + 202 = d*u. Is u a multiple of 23?
True
Let w(v) = -v**2 + 17*v - 6. Let o(t) = -3*t - 35. Let r be o(-11). Let a be 10 + 6 - (0 - r). Is w(a) a multiple of 36?
True
Suppose 4*u - 22368 = 5*y, -3201 = 2*u - y - 14385. Is u a multiple of 10?
False
Let o(b) = 3*b + 163*b**2 - 7*b - 70 + 68. Is o(-2) a multiple of 65?
False
Let i(f) = -171*f**3 + 2*f**2 - 2. Let j(n) = -257*n**3 + 3*n**2 - 3. Let m(v) = -7*i(v) + 5*j(v). Does 8 divide m(-1)?
True
Suppose 0 = 3*y - h + 19, 2*y + 5*h + 49 = -y. Is -11*(-3)/(-1 - 20/y) a multiple of 20?
False
Let b(a) = 21*a**2 + 17*a + 207. Does 135 divide b(-9)?
True
Let n(a) be the third derivative of 19*a**4/8 - 55*a**3/6 + 3*a**2 + 1. Is n(13) a multiple of 36?
False
Suppose -4*t = 13*t + 153. Let s(m) = -m**2 - 9*m + 18. Does 18 divide s(t)?
True
Suppose 0 = 4*w - 2412 - 4072. Suppose 0 = 13*j + 6270 + w. Let m = -330 - j. Does 30 divide m?
False
Suppose -57*z = 271526 - 751808. Does 24 divide z?
False
Suppose 2*q - 13 = -5*h + 20, -8 = 3*q - 4*h. Is 1702/10 + (q/(-10))/2 a multiple of 7?
False
Suppose -190 = -6*j + 44. Suppose 3*r = -l + 150, j*l - 42*l = -4*r + 213. Does 13 divide r?
False
Let b(v) be the third derivative of v**6/72 + v**5/120 - 5*v**4/24 - 22*v**2. Let q(a) be the second derivative of b(a). Is q(11) a multiple of 13?
False
Let z(l) = l**3 + 38*l**2 + 128*l - 34. Is 4 a factor of z(-30)?
False
Suppose 94*k - 41*k = 653490. Does 137 divide k?
True
Let m be 15/(1 - (-11)/(-8)). Let y(c) = -c**3 - 33*c**2 + 107*c + 31. Let f be y(-33). Is (10/4 - 2) + f/m a multiple of 22?
True
Is (-13)/(143/693)*(-239 + 4) a multiple of 10?
False
Let z = -1944 - -2669. Does 12 divide z?
False
Is (-529)/23 + 158600/4 a multiple of 333?
True
Let i(d) = -5*d + 525. Does 14 divide i(37)?
False
Let d(c) be the first derivative of 2/3*c**3 - 2*c**2 - 37 + 7*c. Is d(-4) a multiple of 18?
False
Let j be 2 + 0 + 9 + 1469. Let y be 1/(-3) + j/12. Let d = y + 53. Does 44 divide d?
True
Let f = -218 - -217. Is (f - (-153)/18)*2*1 a multiple of 13?
False
Let h(b) = b**3 + b**2 + 5. Let p be h(0). Let o(q) = -q**2 + 5*q + 7. Let y be o(p). Suppose 3*g - 474 = -u, -3*g - 2*u = -y*u - 492. Is 12 a factor of g?
False
Let c(q) = 10*q + 50. Let t be c(-8). Let d be (-6)/(-15) - 48/t. Suppose 0 = d*g - 23 - 81. Is 4 a factor of g?
True
Let d = -631 + 17290. Is 9 a factor of d?
True
Let a = 8732 + -4678. Is a a multiple of 6?
False
Suppose -1142 = 5*j + c, -4*c = -6 - 6. Let h = j + 324. Suppose -2*s + p + h = 0, 5*s + 133 - 376 = -3*p. Does 15 divide s?
False
Suppose -3*g + 10145 = 4*p - 8461, -4*p - 18654 = -3*g. Does 54 divide g?
True
Let a be (-9)/2*882/27. Let i = a + 209. Is i a multiple of 58?
False
Is 21 + -23 - -173*50 a multiple of 47?
True
Suppose 9*c + 428858 = 75*c - 65482. Is 80 a factor of c?
False
Suppose 0 = 4*h - 2*w - 25130, 1396 + 4909 = h + 4*w. Is 15 a factor of h?
True
Let n = 1 + -1. Suppose -5*i = 3*b - 25, 109*i + 3*b + 5 = 110*i. Suppose -2*m - i*m + 504 = n. Is 24 a factor of m?
True
Suppose 3*g - 26 = -3*l + 4*g, -12 = -3*g. Suppose -4*r + l = -14. Suppose -r*q + 3*q + 57 = 0. Is q even?
False
Is 9 a factor of ((-264739)/(-20) - (-2)/(-10))/(50/200)?
True
Let m(u) be the first derivative of -u**4/6 - 2*u**3/3 + 5*u**2/2 + 2. Let h(n) be the second derivative of m(n). Is 4 a factor of h(-6)?
True
Let w = -24688 + 28448. Is 10 a factor of w?
True
Let g = 16 - 22. Let l(z) be the first derivative of z**4/4 + 8*z**3/3 - 3*z**2/2 - 8*z + 16. Does 11 divide l(g)?
False
Let r = 52 + 218. Let l(k) = -k**3 + 8*k**2 + k + 10. Let o be l(8). Suppose -r = 15*u - o*u. Does 10 divide u?
True
Let o(a) = -94 + 23*a - 151 + 14*a. Is 5 a factor of o(9)?
False
Let w(h) be the first derivative of h**5/60 - h**4/4 + 15*h**3/2 + 5*h**2 - 19. Let n(u) be the second derivative of w(u). Is 9 a factor of n(0)?
True
Suppose 2 = -2*a + 5*g, 3*g = -4*a + 79 - 5. Let q = 0 - 0. Suppose -8*y + a*y - 762 = q. Does 14 divide y?
False
Suppose 5*x - 354 = 121. Suppose -x = 4*q + q. Let p(f) = f**3 + 18*f**2 - 24*f - 5. Does 9 divide p(q)?
True
Does 68 divide ((-57344)/(-24))/7*(-204)/(-8)?
True
Suppose 5*u = -7*l + 5*l + 46658, 4*u - 37348 = 2*l. Is 26 a factor of u?
True
Let u(b) = b**3 + 3*b**2 + b + 1. Let g be u(-2). Suppose 17 = 3*a - 5*h - 0*h, -3*h = -g*a + 9. Is 11 a factor of (a + -62)*(-2)/3 + 2?
True
Let w = 341 - 537. Let v = w - -444. Is 8 a factor of v?
True
Suppose -106*q + 216 = -100*q. Suppose 25*p + 946 = q*p. Does 8 divide p?
False
Let i = 574 - -379. Is i a multiple of 121?
False
Suppose -8*u = -2718 + 486. Let g = 426 - u. Is g a multiple of 7?
True
Let d = 44 - 35. Let v(x) = -4*x**3 + 27*x**2 + 24*x + 8. Let t(b) = b**3 - 7*b**2 - 6*b - 2. Let p(a) = -9*t(a) - 2*v(a). Does 8 divide p(d)?
True
Let u(n) = -4*n**2 + 12*n - 16. Let f be u(6). Let r = f - -70. Let w(h) = -h + 62. Is w(r) a multiple of 16?
True
Let h = -144 - -159. Suppose 11*l = h*l - 248. Is l a multiple of 2?
True
Let k be (1/(-2))/(7/(-28)). Suppose 2*z + k*r - 246 = 0, -32*r + 37*r - 261 = -2*z. Does 15 divide z?
False
Suppose -2*q = -0*q - 24. Suppose -6*f - q + 24 = 0. Suppose 0 = -f*n + 62 + 40. Is n a multiple of 17?
True
Let g(o) be the third derivative of o**5/60 - 7*o**4/8 - 16*o**3/3 + 6*o**2. Is g(25) a multiple of 35?
False
Let z(a) = 0*a + 0*a + 2*a + 2*a**2 - 4. Let g be (-6)/(-4)*16/12. Is 7 a factor of z(g)?
False
Suppose 4*b + l - 17948 = 65499, 4*l = -b + 20858. Is 9 a factor of b?
True
Let f = -22 + 25. Suppose -7 - 8 = -f*q. Let b = 7 + q. Does 5 divide b?
False
Suppose 2*c = 8, 123 - 5 = 2*w + c. Let n be (-2)/4 + w/(-38). Is 23 a factor of 414/1*n/(-6)?
True
Let c be (-1072)/(-2) - (-3 + 9). Let x = c - 366. Is x a multiple of 7?
False
Let m = 107 + -103. Suppose m*k - 1463 = -15*k. Is k a multiple of 8?
False
Let q(a) = -a**3 - 13*a**2 - 16*a - 118. Let x be q(-13). Does 12 divide (-7)/((-70)/8)*x?
True
Let h be 6/(-18) + ((-208)/(-12))/4. Does 29 divide 256*-2*(-3)/h?
False
Suppose 3*h + 4*j + 431 = 2*h, 4*h + 1743 = 3*j. Let f = h + 660. Is f a multiple of 9?
True
Suppose 8 = n - p, -2*n - 5 = 4*p - 3. Let d(j) = j**3 - 4*j**2 - 2*j - 5. Let q be d(n). Suppose 5*m - 39 = -2*x, 5*m - q = 3*m + 2*x. Does 4 divide m?
False
Let b(p) = 2*p**2 + 9*p + 32. Suppose 5*x + 3*c = -69, 0 = 3*x + 2*c + 52 - 10. Let l be -3 - (-9)/x*4 - 4. Does 14 divide b(l)?
False
Suppose 0 = -5*z + 3*j + 38312, 82*z - 2*j + 30610 = 86*z. Does 13 divide z?
True
Let v be 132/110*(1 + (-7)/2). Let r be -18*(v + 5/(-3)). Suppose -34*k + r = -33*k. Does 12 divide k?
True
Suppose 3047 = 6*j - 4*j + 3*y, -j - 5*y + 1513 = 0. Does 4 divide j?
True
Let s be ((-112)/(-14))/(2/3). Is 11 a factor of (440/(-10))/(10/s - 1)?
True
Let k = 4 - 30. Let h be ((-13)/k)/((-1)/174). Let u = h + 139. Is u a multiple of 5?
False
Let r be (312/(-14))/((-1)/7). Suppose -q + r = 48. Suppose -2*u + q = -0*j + 2*j, 4*u - 215 = -5*j. Is u a multiple of 19?
False
Is 15*(-6)/(-27)*93330/150 a multiple of 17?
True
Let t(l) = 3*l + 64. Let o be t(-23). Let v be -7*(o - (83 - 2)). Let i = 878 - v. Is i a multiple of 46?
True
Let b = 903 - -293. Is b a multiple of 46?
True
Let i(k) = 3*k**3 - 394*k**2 + 164*k - 399. Is i(131) a multiple of 142?
False
Is 4 a factor of 264/15*114170/196?
True
Suppose -2*p - 2*m + 26 = 0, 10*m - 6*m = -5*p + 69. Suppose 12*s + 80 = p*s. Suppose -s*b + 135 = -13*b. Does 15 divide b?
True
Is 42 a factor of (-6 - -15)/(-45) + (-269642)/(-10)?
True
Suppose -122*x = 9*x + 9*x - 1673560. Is 9 a factor of x?
False
Suppose 3*b + 3*t - 46434 = 0, -2*b - 5*t + 12905 = -18066. Is 62 a factor of b?
False
Let t(c) = -2*c**3 - 8*c**2 - 11*c - 6. Let h be (48/(-56))/((-44)/(-14) + -3). Is 34 a factor of t(h)?
True
Suppose 5*c + 20 = 0, 2*v - 10019 = -2*c + 59681. Is 37 a factor of v?
True
Let n(w) = -w**3 - 4*w**2 - 4. Let j be n(-4). Let k be (-2)/j + 9/(-2) + 116. Suppose -59 = -3*r + k. Does 29 divide r?
False
Let d = -1355 - -7263. Does 4 divide d?
True
Let r(x) = x**3 + x**2 + 3*x + 1256. Let p be (-6)/(-21) + (-324)/(-42) + -8. Does 70 divide r(p)?
False
Let t(r) = 9*r**3 - r**2 + r + 5. Let c be (6/(-2) - (-1 - 0)) + 5. Does 11 divide t(c)?
True
Is 15 a factor of 45*((-570)/(-45) - -10)?
T